{"id":2960,"date":"2020-10-09T12:48:40","date_gmt":"2020-10-09T09:48:40","guid":{"rendered":"http:\/\/saprema.fi\/wordpress\/?page_id=2960"},"modified":"2020-10-11T17:50:46","modified_gmt":"2020-10-11T14:50:46","slug":"kehren-4","status":"publish","type":"page","link":"https:\/\/saprema.fi\/wordpress\/fi\/kehren-4\/","title":{"rendered":"Kehren"},"content":{"rendered":"\n<p>Kehren on tarkkuushiomakoneiden valmistaja.<\/p>\n\n\n\n<p>Valikoimiin kuuluu, pystykaraiset hiomakeskukset, py\u00f6r\u00f6p\u00f6yt\u00e4 tasohiomakoneet ja omat hiomakarat.<\/p>\n\n\n\n<p><a rel=\"noreferrer noopener\" href=\"https:\/\/www.kehren.com\/\" data-type=\"URL\" data-id=\"https:\/\/www.kehren.com\/\" target=\"_blank\">Linkki Kehren kotisivuille<\/a><\/p>\n\n\n\n<p><\/p>\n","protected":false},"excerpt":{"rendered":"<p>Kehren on tarkkuushiomakoneiden valmistaja. Valikoimiin kuuluu, pystykaraiset hiomakeskukset, py\u00f6r\u00f6p\u00f6yt\u00e4 tasohiomakoneet ja omat hiomakarat. Linkki Kehren kotisivuille<\/p>\n","protected":false},"author":1,"featured_media":0,"parent":0,"menu_order":0,"comment_status":"closed","ping_status":"closed","template":"","meta":[],"_links":{"self":[{"href":"https:\/\/saprema.fi\/wordpress\/wp-json\/wp\/v2\/pages\/2960"}],"collection":[{"href":"https:\/\/saprema.fi\/wordpress\/wp-json\/wp\/v2\/pages"}],"about":[{"href":"https:\/\/saprema.fi\/wordpress\/wp-json\/wp\/v2\/types\/page"}],"author":[{"embeddable":true,"href":"https:\/\/saprema.fi\/wordpress\/wp-json\/wp\/v2\/users\/1"}],"replies":[{"embeddable":true,"href":"https:\/\/saprema.fi\/wordpress\/wp-json\/wp\/v2\/comments?post=2960"}],"version-history":[{"count":5,"href":"https:\/\/saprema.fi\/wordpress\/wp-json\/wp\/v2\/pages\/2960\/revisions"}],"predecessor-version":[{"id":3018,"href":"https:\/\/saprema.fi\/wordpress\/wp-json\/wp\/v2\/pages\/2960\/revisions\/3018"}],"wp:attachment":[{"href":"https:\/\/saprema.fi\/wordpress\/wp-json\/wp\/v2\/media?parent=2960"}],"curies":[{"name":"wp","href":"https:\/\/api.w.org\/{rel}","templated":true}]}}