{"id":26,"date":"2015-08-28T14:39:57","date_gmt":"2015-08-28T14:39:57","guid":{"rendered":"http:\/\/saprema.fi\/wordpress\/?page_id=26"},"modified":"2020-10-09T12:26:22","modified_gmt":"2020-10-09T09:26:22","slug":"yritys","status":"publish","type":"page","link":"https:\/\/saprema.fi\/wordpress\/fi\/yritys\/","title":{"rendered":"Yritys"},"content":{"rendered":"<p>Saprema Oy on maaliskuussa 2016 toimintansa aloittanut koneiden ja laitteiden agentuuriliike.<\/p>\n<p>Sami Anttilalla on kokemus p\u00e4\u00e4miehist\u00e4 ja laitteista vuodesta 1999 alkaen.<\/p>\n<p>Toiminta keskittyy l\u00e4hinn\u00e4 kolmeen teollisuuden erikoisalueeseen.<\/p>\n<ul>\n<li>Metallilanka- ja putkituotteiden valmistusprosesseissa tarvittavat\u00a0koneet\u00a0ja laitteet<\/li>\n<li>Rautatiekaluston py\u00f6r\u00e4huoltoon liittyv\u00e4t koneet ja laitteet<\/li>\n<li>Kehren hiomakoneet<\/li>\n<\/ul>\n","protected":false},"excerpt":{"rendered":"<p>Saprema Oy on maaliskuussa 2016 toimintansa aloittanut koneiden ja laitteiden agentuuriliike. Sami Anttilalla on kokemus p\u00e4\u00e4miehist\u00e4 ja laitteista vuodesta 1999 alkaen. Toiminta keskittyy l\u00e4hinn\u00e4 kolmeen teollisuuden erikoisalueeseen. Metallilanka- ja putkituotteiden valmistusprosesseissa tarvittavat\u00a0koneet\u00a0ja laitteet Rautatiekaluston py\u00f6r\u00e4huoltoon liittyv\u00e4t koneet ja laitteet Kehren hiomakoneet<\/p>\n","protected":false},"author":1,"featured_media":0,"parent":0,"menu_order":0,"comment_status":"closed","ping_status":"closed","template":"","meta":[],"_links":{"self":[{"href":"https:\/\/saprema.fi\/wordpress\/wp-json\/wp\/v2\/pages\/26"}],"collection":[{"href":"https:\/\/saprema.fi\/wordpress\/wp-json\/wp\/v2\/pages"}],"about":[{"href":"https:\/\/saprema.fi\/wordpress\/wp-json\/wp\/v2\/types\/page"}],"author":[{"embeddable":true,"href":"https:\/\/saprema.fi\/wordpress\/wp-json\/wp\/v2\/users\/1"}],"replies":[{"embeddable":true,"href":"https:\/\/saprema.fi\/wordpress\/wp-json\/wp\/v2\/comments?post=26"}],"version-history":[{"count":9,"href":"https:\/\/saprema.fi\/wordpress\/wp-json\/wp\/v2\/pages\/26\/revisions"}],"predecessor-version":[{"id":2966,"href":"https:\/\/saprema.fi\/wordpress\/wp-json\/wp\/v2\/pages\/26\/revisions\/2966"}],"wp:attachment":[{"href":"https:\/\/saprema.fi\/wordpress\/wp-json\/wp\/v2\/media?parent=26"}],"curies":[{"name":"wp","href":"https:\/\/api.w.org\/{rel}","templated":true}]}}